 s(g) = -g**3 + 3*g - 3. Calculate s(d).
-5
Let i(v) be the third derivative of -v**5/60 + v**4/6 + 7*v**3/6 + 9*v**2 - 7*v + 2. Let u be 3/6 + (-9)/(-2). Give i(u).
2
Suppose 5*x + 3*r - 28 = 0, -5*x + 3*r = 14 - 6. Let j(d) = -d**3 + 5*d**2 - 9*d + 3. Determine j(x).
-3
Let g(j) = -20*j - 752. Let o be g(-38). Let l(u) be the third derivative of -1/8*u**4 + 0 + 0*u + u**3 - o*u**2. Determine l(4).
-6
Let g(u) = -7*u - 1589 + 1622 + 38*u - 12*u. Give g(-2).
-5
Let t(d) = 944*d**2 - 67 - 236*d**2 - 237*d**2 - 237*d**2 - 235*d**2. Determine t(0).
-67
Let c be 1*(1/1)/(-1). Let g(d) be the first derivative of -5*d**4/4 - d**2/2 - 12*d - 288. Let q(l) be the first derivative of g(l). What is q(c)?
-16
Let a(f) = -13*f**3 - 22*f**2 + 22*f + 8. Let n(w) = 10*w**3 + 19*w**2 - 23*w - 9. Let g(t) = -3*a(t) - 4*n(t). What is g(-12)?
-12
Let n = 294 + -302. Let l(z) = -4*z + 7. Determine l(n).
39
Let s(v) = v**3 - 5*v**2 - 4. Let d(x) = 7*x - 190. Suppose -5*n + 5*i + 201 - 41 = 0, 0 = 4*n + 4*i - 96. Let c be d(n). Determine s(c).
32
Let l(f) = 2*f**2 + 29*f + 58. Let k(s) = -s**2 - 14*s - 28. Let a(m) = 5*k(m) + 2*l(m). Determine a(-5).
11
Let s(c) = 6*c + 1. Let q(y) = -y**2 + 18*y + 1. Let p(k) = -q(k) + 4*s(k). Suppose -5*v - 34 - 21 = 5*j, -3*j - 26 = 2*v. What is p(v)?
10
Let r(x) = -218*x - 560*x + 770*x - 21. What is r(0)?
-21
Let h(a) = 2*a**3 + a**2 - a + 17. Let l(p) = -27*p + 621. Let n be l(23). What is h(n)?
17
Let x = -6 - 161. Let c = x - -168. Let m(n) = -n**3 - 2*n**3 - 4*n**3 + n**3. What is m(c)?
-6
Let l(u) = u**2 - 3*u + 17. Suppose 4*p + 123 - 143 = 2*o, 3*o = 2*p - 6. What is l(p)?
35
Let y(v) = -6*v**3 + 3*v**2 + v. Let z(t) = -10*t**3 - 29*t**2 - 11*t - 99. Let k(g) = -2*y(g) + z(g). Give k(18).
-9
Let q be (-14)/8 - 2/8. Let d(j) be the first derivative of 2*j + 68 + 1/3*j**3 + 1/2*j**2. What is d(q)?
4
Suppose s = 3*s - 4. Let o(x) = s*x + 4 - 3*x - x. Suppose 0 = 3*d + y - 17, -41*d = -43*d + 5*y + 17. Give o(d).
-8
Let u be ((-4)/(-1) - 2)*1/2. Suppose 3*q + c - 14 + u = 0, c - 9 = -2*q. Let b(o) = o**2 + o - 3. Give b(q).
17
Suppose -8*n - n = -36. Suppose n*s = -2*v + 10, 5*v + 2 = 2*s + 27. Let d(y) = y**3 - y**2 + 3. Determine d(s).
3
Let u(b) = 23*b - 35. Let h(w) = -42*w + 70. Let a(m) = 5*h(m) + 9*u(m). Calculate a(7).
14
Let g(w) = 2*w**3 - 58140*w**2 + 0*w + 58147*w**2 + 4*w + 10*w - w**3 + 5. Determine g(-4).
-3
Let u = -1 - 0. Let c(t) be the second derivative of 0 - 1/6*t**3 + 4*t + 1/2*t**2. What is c(u)?
2
Let m(h) = h**2 + 5*h - 3. Let b(q) = 3*q - 6. Let y be b(4). Let v be 1 + -3 + y - -1. Suppose -5*d = -10, -2*d = v*i + 25 + 1. Determine m(i).
3
Let s be 5/(5/6) - 1. Suppose 2*u + 5*j + 11 = 0, 0 = -4*u - s*j + 2*j - 1. Let v(y) = -1 + 3*y**2 - 3*y**2 + 3*y - 7*y**2 + 2*y**2 + 4*y**2. What is v(u)?
1
Let j = -38 - -82. Suppose 35*d = j*d + 36. Let s(k) = k + 5. What is s(d)?
1
Let b(n) = -11*n**3 - 9*n**2 + n - 37. Let j(g) = 7*g**3 + 9*g**2 - 3*g + 39. Let l(c) = -2*b(c) - 3*j(c). Give l(9).
20
Let n(z) = 26*z**3 - z**2 + 2*z - 1. Let a(v) = v**2 - 12*v + 16. Let h be a(11). Suppose 5*l + 5*y = -h, 2*l - 9*y = -10*y. What is n(l)?
26
Let l be (3 + 325/(-91))/(6/42). Let b(s) = -s**3 - 6*s**2 - 3*s - 14. Calculate b(l).
-34
Let y(l) = -3*l**3 - 4*l**2 - l + 2. Let i be (390 + -399)*(16/(-9) + 2). Give y(i).
12
Let w(l) be the third derivative of 5/24*l**4 + 0 + 1/2*l**3 - 22*l**2 + 2*l. Determine w(8).
43
Let z(w) = w**3 - 9*w**2 + 9*w + 3. Let m(o) be the first derivative of -4 - 1/3*o**3 + 8*o + 9/2*o**2. Let n be m(9). What is z(n)?
11
Let k be (-3 + 0 + 6)*-1. Suppose 0 = w + s + 9, 0 = -2*w + s + 3*s - 12. Let i be w/k*(-6)/4. Let r(z) = z**3 + 5*z**2 + 5*z + 4. What is r(i)?
0
Let g(i) = i**2 + 15*i - 4. Let p(v) = -v**2 - 17*v - 86. Let d be p(-10). What is g(d)?
12
Let t(b) = 3*b**2 - 853*b - 3*b**3 + 854*b + b**3. Give t(2).
-2
Suppose -2*d = -5*t - 19, 7 = -5*d + 7*d - t. Let a(y) be the second derivative of -1/20*y**5 + 0 - 30*y + y**d + 7/12*y**4 - y**3. What is a(6)?
2
Suppose 0*n = -2*f + 3*n - 24, 5*f + 2*n + 22 = 0. Let s(g) = 2*g**2 + 3*g - 4. Let h(t) = t**2 + t - 2. Let w = 4 - 7. Let a(r) = w*s(r) + 5*h(r). Give a(f).
-10
Let a = 991 - 998. Let y(c) = -c**2 - 5*c - 6. What is y(a)?
-20
Let k(j) be the third derivative of 2/3*j**3 - 60*j**2 + 0 - 1/6*j**4 + 0*j + 1/30*j**5. Calculate k(2).
4
Let j(z) = -z + 22. Let b be j(9). Let o be (-7 + 2)*42/(-35). Let h(y) = -7 - 6*y**2 - o*y**2 + b*y**2. Calculate h(0).
-7
Let i = -23 - -33. Let a(r) be the third derivative of -r**4/24 + 2*r**3 + 3451*r**2. Determine a(i).
2
Let f(l) = 3*l**3 - 10*l**2 + 4*l - 6. Let k be (-308)/(-100) + (-16)/200. Calculate f(k).
-3
Let g(j) be the first derivative of -4*j**3/3 - j**2 - j + 6876. Suppose 2*n = a + 5, -3*a - 2*a = 5*n - 35. Suppose a*l = 4*l - 2. Calculate g(l).
-21
Let y = -2438 + 2430. Let f(s) be the first derivative of s**3/3 + 7*s**2/2 - 3*s - 9. Give f(y).
5
Let o be 76 + (-1 + 2 - 2). Suppose 0 = 93*c - 74*c + 1482. Let w = c + o. Let i(r) = r**3 + r**2 - 3*r + 1. Calculate i(w).
-8
Let o(m) = 1339*m**2 - 1333*m**2 - 6*m + 12 - 23*m**3 + 22*m**3. What is o(5)?
7
Let u be (-6)/33*(-44)/((-20)/(-5)). Let f(r) = 98*r**2 - 99*r**u + 4 - 2 - 5 + 7*r. What is f(8)?
-11
Let k be ((-66)/(-165))/(10/50). Let a(n) be the second derivative of -9*n + 1/3*n**3 + 0 + 0*n**k. What is a(-3)?
-6
Let y(s) = -s + 1. Let t(b) = -b**2 - 6*b + 6. Let k(w) = -t(w) + 5*y(w). Suppose -15*q - 33*q - 23*q = -17*q. Give k(q).
-1
Let k(c) = 9*c + 3. Let h(i) = -26*i - 7. Let d = -116 - -122. Let u(y) = d*h(y) + 17*k(y). Give u(6).
-9
Let r(f) = -80*f**2 - 1 - 15*f + 85*f**2 - 35*f**3 - 36*f**3 + 70*f**3. What is r(3)?
-28
Let s(q) = 4*q + 35. Let n be s(-8). Let a(x) = 0*x + 278 - n*x - 289 + 2*x. What is a(5)?
-16
Let u be 0*(3 - 0)/(-12). Suppose 3*o = 6 - u. Let s(d) = 8 + 8*d - d**2 + 3*d**2 - 11*d**2 - d**3 + 4*d**o. What is s(-6)?
-4
Suppose 0 = -12*d + 11*d + 17. Suppose -d*f + 18*f = -4. Let t(s) = -3*s. Determine t(f).
12
Let g(d) = -d**3 - 8*d**2 - 9*d - 2. Let b(a) = a**3 + 36*a**2 + a + 29. Suppose -3*w - 4*r = 108, -2*w + 0*w + 4*r = 72. Let o be b(w). What is g(o)?
12
Let p(k) = -17 + 11*k + 0 + 3*k - 8*k + k**2 + 0*k. Give p(-12).
55
Suppose 5*h = 2197 + 293. Let b = h + -507. Let t(q) = q**3 + 8*q**2 - 6*q - 3. Calculate t(b).
-30
Let r(p) be the third derivative of -p**6/120 + 11*p**5/60 - 5*p**4/8 + 19*p**3/6 - 46*p**2 - 3*p. Give r(10).
-31
Let c(a) = -142*a + 138. Let q be c(1). Let m(k) = -k**3 - 2*k**2 + 9*k - 3. Give m(q).
-7
Let k be ((-42)/(-15))/(-7)*185. Let a = -78 - k. Let n be 3/a*(3 - 7). Let f(w) = 3*w - 4. Give f(n).
5
Suppose -8 = -25*n + 24*n. Let h(u) = -2*u**2 + 12*u + 23. Let g(c) = -5*c**2 + 35*c + 68. Let f(t) = n*h(t) - 3*g(t). Determine f(-6).
-2
Let s(z) = z**3 - 5*z**2 - z + 6. Let f(t) = -2*t**3 + 6*t**2 - 7. Let j(q) = 2*f(q) + 3*s(q). Let d = -19 + 1. Let x be (d/(-3))/((-14)/7). Give j(x).
13
Let l(k) = -2*k**2 + 27*k - 62. Suppose 452*y + 3*c = 457*y - 79, -3*c = 24. Calculate l(y).
-7
Let g(b) = 3*b**3 + 2*b - 2. Let p be g(1). Let t be (78/2 - p)/2. Let l = 18 - t. Let o(s) = s**2 + 1. Determine o(l).
1
Let n(k) = -k + 9. Suppose -3*a + 15 = 12. Let i be a/(5 - 4)*12. Calculate n(i).
-3
Let p(f) = -f**3 - 4*f**2. Suppose 0*a + 108 = 4*a. Let i be a - (8 - (-20)/(-4)). Let u = 21 - i. Calculate p(u).
-9
Let q(m) = -282 - 12*m + 5*m + 281. Determine q(-1).
6
Let t(x) = -x**2 - 5 - 5*x + 2*x + 2*x**2. Suppose 46*g + 2232 = 517*g + 87*g. Calculate t(g).
-1
Let t(a) = -a**3 + a**2 - a - 2. Let z = 45 + -46. Let u be t(z). Let l(d) = -u + 0 + 7 - 4*d + 0. What is l(4)?
-10
Let u(b) = -b**3 - 8*b**2 - b + 3. Suppose a + 8 = 23*m - 18*m, 0 = a + 4*m + 8. Calculate u(a).
11
Let l(y) = 2*y - 4. Let b(o) = o**2 - 3*o + 3. Let w be b(2). Let g be 56/26 + (w - 60/52). Let p be ((-16)/(-5) - g)*40/(-12). Give l(p).
-12
Suppose -17*y - 185 = 3*y + 17*y. Let a(i) = 8*i + 32. What is a(y)?
-8
Let c(o) be the third derivative of o**4/24 - 8*o**3/3 + 1649*o**2. What is c(7)?
-9
Let l(c) = 7 + 31596*c**2 + 4*c - 31597*c**2 - 3*c. Determine l(4).
-5
Let f(s) = -45*s + 10. Let x(v) = -156*v + 30. Let w(t) = -7*f(t) + 2*x(t). Give w(-5).
-25
Suppose 0 = -3*h - 2*o + 12, -h + 4*o = 2*o